9 + k/9. Suppose -3*t - 29 = -o, 116 = 4*o - 0*o - q*t. What are the prime factors of o?
29
Let p be -9 + 7 - (-1 - 79). Suppose -p = -5*m + 17. List the prime factors of m.
19
Suppose -27691 = -9*u + 14249. What are the prime factors of u?
2, 5, 233
Let j = -10 - -22. Let f = j + -7. Suppose -f*v = 2*x - 110, -x - 55 = 2*v - 5*v. List the prime factors of v.
2, 5
Suppose 2*p = 3*g + p + 15, -3*g - 27 = 3*p. Let t(y) = 59 + 74*y**2 - 11*y - 75*y**2 - 67. List the prime factors of t(g).
2, 11
Let y(r) = 18*r**3 + 3*r**2 - 5*r + 10. What are the prime factors of y(4)?
2, 5, 7, 17
Let j(n) = -n**2 - 14*n + 11. Suppose 4*t - 39 = 7*t. Let p be (0 - -2)*t/2. What are the prime factors of j(p)?
2, 3
Let l(z) = z**2 + 2*z - 3. Let t be l(2). Suppose t*f + 192 = f. Let b = 91 + f. List the prime factors of b.
43
Suppose 3*t + 158 = a, -3*t = 4*a + 104 + 44. Let n = t - -62. List the prime factors of n.
2, 5
Suppose 986 = -14*d + 2652. List the prime factors of d.
7, 17
Suppose -5*x = -0*x - 15. Let b be -2*(-15)/(-12)*-2. Suppose b*n + 2 - 16 = -3*z, 2*n - 14 = x*z. List the prime factors of n.
2
Let u = -123 - -2874. List the prime factors of u.
3, 7, 131
Suppose -5*i - 3*k = -1503, -4*i = -0*i + 4*k - 1204. Suppose 0 = -3*p + 9*p - i. What are the prime factors of p?
2, 5
Suppose 0*r - r = -4, -4*r = -4*g - 4. Let u = 54 - g. List the prime factors of u.
3, 17
Suppose 0 = 24*l - 33894 - 30810. What are the prime factors of l?
2, 337
Let v(j) = -j - 2. Let b be v(-1). Let w(l) = -61*l - 1. Let t be w(b). Suppose 6*o = t + 18. What are the prime factors of o?
13
Let c(o) = -15 - o + 3 - 4. Let t be c(-8). Let b = t + 10. What are the prime factors of b?
2
Let k(p) = p**3 + 17*p**2 - 25*p + 7. What are the prime factors of k(-18)?
7, 19
Let h = 46 + -13. Let l = h + 85. What are the prime factors of l?
2, 59
Suppose 2660 = 4*c + 3*n - 2261, 0 = -2*c + 3*n + 2465. What are the prime factors of c?
1231
Let o(a) = 2*a**3 - 10*a**2 + 8*a + 4. Let r be o(6). Let b = 52 - 52. Suppose b = -5*i + 9*i - r. List the prime factors of i.
31
Suppose 7 + 1 = 4*c - 3*v, 0 = c + v + 5. Let r be 6/((-4)/(-20)*c). What are the prime factors of (r/25)/((-6)/225)?
3, 5
Suppose 789 + 368 = 3*o - 4*b, 4*o + 4*b = 1552. List the prime factors of o.
3, 43
What are the prime factors of 1177 + 1 + -8 + 1?
1171
Let m be -6 + ((-1)/(-1))/(-1). Let t = 9 - m. What are the prime factors of t/12 - 41/(-3)?
3, 5
Let i(v) = v**3 - 5*v**2 - 2*v + 2. Suppose 2*j + 2*j - 52 = 0. Let z = j - 7. What are the prime factors of i(z)?
2, 13
Suppose 2*l + 4*h - 156 = 0, -3*h = -7*h - 20. Suppose l = 2*u + 4*x, -2*u + 3*x = 2*x - 63. List the prime factors of u.
2, 17
Let q(v) be the second derivative of v**4/4 - 2*v**3/3 - 3*v**2/2 - 12*v. What are the prime factors of q(-2)?
17
Let z(o) be the second derivative of -o**5/5 + o**4/12 - o**3/6 - 5*o**2/2 - 5*o. What are the prime factors of z(-2)?
3, 11
Let g(v) = 2*v**2 - 11*v + 9. Let r be g(9). Suppose -5*m + 4*m = -r. What are the prime factors of m?
2, 3
Let f(b) = 5*b**2 + 4. List the prime factors of f(12).
2, 181
Suppose 2*h - 4*f = 14, 27 = 5*h - 0*f - 2*f. Suppose -h = -q + 145. Let t = q - 81. What are the prime factors of t?
3, 23
Let r = -41 - -111. Suppose -4*z + 4*i + 38 = -7*z, 0 = -3*z + 4*i - r. Let s = -6 - z. List the prime factors of s.
2, 3
Let u(n) = -104*n**3 + n**2 - 3*n - 3. Let g be u(-1). Let m = -38 + g. List the prime factors of m.
67
What are the prime factors of (-25 - -20)*(-581 + -2)?
5, 11, 53
Let i = -154 + 106. Let t = i + 5. Let r = 89 + t. List the prime factors of r.
2, 23
Let w(o) = 121*o - 89. List the prime factors of w(5).
2, 3, 43
Let v = -4084 + 7158. What are the prime factors of v?
2, 29, 53
What are the prime factors of 1956/6 - (-24)/(-4)?
2, 5
Let x(w) = 12*w**2 + 3*w - 63. What are the prime factors of x(6)?
3, 43
Let g = -104 + 108. Suppose -g*n = -2*q - 342, -4*q = 16 - 4. List the prime factors of n.
2, 3, 7
Let m = 6 - 4. Let x(s) be the second derivative of 5*s**3/6 - s**2 - 2*s - 13. List the prime factors of x(m).
2
Let s = -28 + 0. Let r = 109 - 61. Let i = r + s. What are the prime factors of i?
2, 5
Let j(p) = -p**3 + 10*p**2 + 12*p - 8. Let f be j(11). Suppose 3*h + 3*x = 4*h - 172, -536 = -f*h - x. List the prime factors of h.
2, 89
Suppose -13 + 63 = x. Let c = x + -21. List the prime factors of c.
29
Suppose -4*f - 2*d + 4920 = 0, -4*f + 5*f + 3*d - 1235 = 0. List the prime factors of f.
1229
Let o(x) = 5*x**2 + 19*x + 287. What are the prime factors of o(-27)?
13, 263
Suppose 0 = 5*l + 3*g - 365, 0 = -6*g + 8*g. List the prime factors of l.
73
Suppose -4*s - 4396 = -4*d, -2*s = d - 4*d + 3300. List the prime factors of d.
2, 19, 29
Suppose -2*d = -l + 2*d + 12, -d - 2 = 0. Suppose -183 = -l*h + 193. List the prime factors of h.
2, 47
Suppose m - 2641 = 4*c, 14*m = 17*m - 2*c - 7923. What are the prime factors of m?
19, 139
Let a be 2*(-18)/12 + 1*254. Let l = a - 179. What are the prime factors of l?
2, 3
Suppose 0 = -2*q - 0*q - 4. What are the prime factors of q*21*6/(-4)?
3, 7
Let z(u) = u**2 + 6*u + 8. Let v(s) = -s**2 + 7*s + 6. Let a be v(4). Let m be (16 + -17)*a/2. List the prime factors of z(m).
5, 7
List the prime factors of 2/(0 + 2) + (-21112)/(-13).
5, 13
Let b = -770 - -1435. What are the prime factors of b?
5, 7, 19
Suppose t = 5*s - 21, 0 = 3*t - 9 - 3. Suppose -s*z = -2*n + 193 - 29, 3*n - 208 = -2*z. What are the prime factors of n?
2, 3
Let f(c) = c**3 - 15*c**2 + 11*c - 3. Let l be f(15). List the prime factors of (72/l)/((-2)/(-9)).
2
Let g be 7*-1*2/(-2). Let i = g + -5. Suppose 66 = 4*m + i*b, m + 2*m - 5*b = 82. List the prime factors of m.
19
Let k(m) = -4*m + 4. Let s be k(3). Let q(f) = f + 13. Let x be q(s). Let i = 56 - x. What are the prime factors of i?
3, 17
Let f = 1307 - -1449. What are the prime factors of f?
2, 13, 53
Let h(i) = 3*i**2 + 83*i - 14. What are the prime factors of h(-30)?
2, 7
Suppose 0 = -3*f + 4*j - 21 - 17, 5*f + 4*j = -10. Let i(r) = -r**3 - 4*r**2 - r + 1. List the prime factors of i(f).
79
Let g be (2/2 - (7 + -6))/2. Suppose g = n + 3*n - 448. List the prime factors of n.
2, 7
Let c = -38 + 1492. What are the prime factors of c?
2, 727
Let f be -120 + 1 - ((-100)/5)/(-10). Let q = 229 + f. What are the prime factors of q?
2, 3
Suppose -5*p = -0*p + 10. Let f be (p + 3)/(2/6). Suppose -3*i - i - f*t + 63 = 0, -5*i + 79 = 4*t. List the prime factors of i.
3, 5
Let v be 3 + 23/(-7) - 65/(-7). Suppose 0 = -v*c + 1264 - 274. List the prime factors of c.
2, 5, 11
Suppose -5*m - 5*u = 0, 3*u + 4 = -2*m - u. Suppose 2*j + 3*w - 419 = -m*w, w + 192 = j. List the prime factors of j.
197
Let n(v) = -v**2 + 5*v - 4. Let m be n(4). Suppose m = -0*o + o + 2, p = 5*o + 109. What are the prime factors of p?
3, 11
Suppose 2*p = y + 25, y - 58 = -5*p - y. Suppose 3*t - 132 = t. Suppose -2*m - 4*k = p - t, -k = m - 29. What are the prime factors of m?
31
Let u = 59 + 49. Suppose w - 252 = -5*b, -357 = -5*b - 2*w - u. List the prime factors of b.
3, 17
Suppose -2*u = -4*x - 3826, -2*x + 3548 = 2*u - 248. What are the prime factors of u?
11, 173
Let g(j) = -21*j**2 + 2*j + 1. Let q be g(2). Let v = 357 + -238. Let w = q + v. What are the prime factors of w?
2, 5
Let c(o) = -7*o**2 + 4*o + 17. Let f(g) = -6*g**2 + 3*g + 17. Let n(m) = 5*c(m) - 6*f(m). What are the prime factors of n(7)?
2, 23
Let j(s) = 161*s - 28. What are the prime factors of j(3)?
5, 7, 13
Let y = -623 - -1266. What are the prime factors of y?
643
Suppose -14*w = 3066 - 11452. List the prime factors of w.
599
Suppose 155*h = 161*h - 8646. What are the prime factors of h?
11, 131
Let z(i) be the first derivative of -3*i**4/4 + 4*i**3/3 + 4*i - 1. Let k be z(3). Let s = k + 116. List the prime factors of s.
3, 5
Let d(b) = b**3 + 7*b**2 + 6*b - 8. Let j = -10 - -4. Let u be d(j). What are the prime factors of 150/(-4)*u/10?
2, 3, 5
Suppose -t - j = 0, 0*j = t + 5*j. Suppose -v - 4*v + 15 = t. Suppose 4*w + 107 = v*o + 334, -4*w = o - 223. What are the prime factors of w?
2, 7
Let c = 167 - 102. Let x = c - 34. List the prime factors of x.
31
Let s = -759 - -1251. List the prime factors of s.
2, 3, 41
Let w = 58 + -56. Suppose -w*l - l + 465 = 0. What are the prime factors o